 + 9*g**2 - 16*g - 6. Let p be b(-6). Calculate the highest common factor of u and p.
22
Suppose 0 = 48*w + 267898 - 1179562. What is the highest common factor of 117 and w?
39
Let r be (60/(-9))/(12/(-18)). Suppose -6*h + 58 = r. Suppose -2*a + 375 = h*x - 3*x, -171 = -a + 3*x. What is the greatest common factor of a and 20?
20
Let n = 3989 + -3965. What is the greatest common factor of n and 12?
12
Let b(g) = -34*g**3 - 13*g**2 - 4*g - 1. Let y be b(-3). Let t be y/210 + 4/30. Calculate the highest common factor of t and 8.
4
Let r(c) = 3*c**2 - 4*c + 4. Let o be r(4). Suppose -7*z + 385 + 231 = 0. Suppose -3*n + 20 = -z. Calculate the highest common factor of o and n.
36
Suppose -g - 4*w - w = 132, 0 = g - 5*w + 122. Let b = g - -184. What is the greatest common factor of 3 and b?
3
Suppose -2*w - 78 = 54. Suppose -5 = 5*x, b + 3*x - 6*x = 80. Let m = w + b. Calculate the highest common divisor of 33 and m.
11
Suppose -39*x + 1521 = -30*x. Suppose 5*i - x = 2*d, 0 = 5*d - 3 + 13. Suppose 2*h + 2*h - 176 = 0. What is the highest common factor of h and i?
11
Suppose 3*d - 3*t - 27 = 0, -10*d - 4*t = -12*d + 18. Calculate the highest common factor of 2214 and d.
9
Let r be (-2258)/(-3) + 30/(-45). What is the greatest common divisor of 94 and r?
94
Let d(j) = -j**2 - 11*j + 10. Let h be d(-12). Let w(q) = -17*q - 2. Let y be w(h). Let n be (-4)/5 - 3/5*-8. What is the highest common divisor of n and y?
4
Let n(d) = -d**3 - 24*d**2 - 26*d - 67. Let g be n(-23). Suppose 5*f = g*r + 2257, 0 = -2*r - 0*r - 2. Calculate the highest common divisor of 82 and f.
41
Suppose 0 = 5*u + 4*b + 2, -3*u + 4 = 4*b + 2. Let c be 2*u/4*-5. What is the greatest common factor of 10 and c?
5
Let b(w) be the second derivative of 0 - 1/3*w**3 - 23/2*w**2 - w. Let d be b(-17). What is the highest common factor of 22 and d?
11
Let k(w) = 81*w + 8953. Let m be k(-109). Calculate the highest common factor of 12989 and m.
31
Let h(d) = 3*d**3 - 13*d**2 - 69*d + 24. Let w be h(12). What is the greatest common divisor of w and 8?
4
Suppose 4*t = 25 - 8 + 75. What is the highest common factor of t and 7?
1
Suppose 41*r - 80*r + 49959 = 0. What is the highest common factor of r and 122?
61
Let l(a) be the third derivative of -a**6/40 - a**5/12 + 5*a**3/3 - 152*a**2. Let b be l(-3). What is the greatest common factor of 437 and b?
23
Suppose 92*s + 1844 - 9314 - 626 = 0. What is the greatest common divisor of 808 and s?
8
Let a(z) = -5*z - 4. Let m be a(-4). Suppose 0 = 355*p - 339*p - 112. Suppose 6*h - p*h + m = 0. What is the greatest common factor of h and 40?
8
Let f be (-14)/(((-111)/(-2745))/(-37)). What is the greatest common divisor of f and 210?
210
Let q be 2 + (0 - -3) + 0. Let i = 8 - q. Suppose -i*o - 2*c = -20, -5*c = -2*o + 11 - 4. Calculate the highest common factor of o and 24.
6
Let n be 64*(810/40 - (5 - -6)). What is the greatest common divisor of n and 352?
16
Suppose 3*z = 7*z - 32. Suppose 9 = 3*k - 3*i, 84*i = 83*i + 5. Calculate the greatest common factor of z and k.
8
Let w be -274 + (8/(-10))/((-6)/(-15)). Let n = w - -304. Calculate the highest common divisor of 756 and n.
28
Let d(k) = -k**3 + 7*k**2 - 5*k + 9. Let a be d(4). Suppose -5*j = -29*j + 23976. What is the highest common divisor of a and j?
37
Let n(v) = -v**3 - 17*v**2 - 72*v + 1. Let b be n(-8). Calculate the highest common factor of b and 193.
1
Suppose -4*a - 142 = -2*u + 222, u = -a + 167. Suppose u = 2*c - 4*r, 3*r = -2*c + 210 - 45. What is the highest common divisor of 28 and c?
28
Let c(f) = 84*f**2 - 10*f - 14. Let i be c(6). What is the highest common factor of 118 and i?
118
Suppose 0 = -53*f + 12899 + 97606. What is the highest common divisor of 15 and f?
15
Let b be ((-1416)/(-40))/(6/290) - 0/1. What is the highest common factor of 145 and b?
29
Suppose -251*r = 306*r - 397698. Calculate the greatest common factor of r and 5304.
102
Let d = -156 + 448. Let k = -280 + d. Calculate the greatest common divisor of 3 and k.
3
Let l = -82 + 85. Suppose 0 = -8*h + l*h - 10. Let k be 6 + h + -4 + 81. Calculate the highest common factor of k and 9.
9
Suppose -6*g = -g - 5*p - 45, 0 = -2*g + 5*p + 27. Let k be (2/(2/1) - 8)*-45. Let y be 3 + k/(12 + -5). Calculate the highest common factor of g and y.
6
Let v = -969 + 1771. Suppose -8911 = -9*i - v. Calculate the greatest common factor of i and 17.
17
Suppose 0 = g - 3*u - 36, 4*g - 3*u - 90 = 90. Let y = -69 + 141. What is the greatest common divisor of g and y?
24
Suppose -79*j - 2*z - 176 = -80*j, -z = -4*j + 732. Calculate the highest common divisor of 3266 and j.
46
Let t(w) = -238*w + 6174. Let v be t(25). What is the highest common divisor of v and 88?
8
Let t(u) = 0 + 25 + 15 - 8 + 24*u. Let a be t(6). What is the highest common factor of 33 and a?
11
Let u be (-938982)/(-1886) + (-9)/(-69). Calculate the greatest common factor of u and 7304.
166
Let f(o) = -o**3 - 18*o**2 - 19*o - 35. Let l be f(-17). Let q(b) = -45*b**3 + 3*b**2 + 5*b + 2. Let m be q(l). What is the highest common factor of 81 and m?
9
Let k(p) = -2*p**2 - 51*p + 576. Let f be k(-27). What is the highest common divisor of 792 and f?
99
Let j(v) = 2*v**2 + 2*v - 14. Let c be j(-6). Suppose -4*d = 4*a - 168, -82 - c = -3*d - 4*a. Calculate the highest common divisor of 16 and d.
8
Let p = -3646 + 3761. What is the highest common divisor of 368 and p?
23
Let u(d) = 14*d**2 + 2*d - 36. Let s be u(-3). Calculate the highest common factor of 4228 and s.
28
Let q = -9312 + 9508. Calculate the highest common divisor of 14 and q.
14
Let h be 6 + 12 - 15 - -519. Calculate the highest common factor of h and 144.
18
Suppose -12*u + 19*u = -448. Suppose -i = 6 - 12. Let r be u/i*(-15)/10. What is the highest common factor of r and 80?
16
Suppose -i + 4*i = 18. Let b be -2 + (-3)/9*-18. Suppose 4*h - 4*r + b - 36 = 0, 5*h = r + 20. What is the greatest common factor of h and i?
3
Suppose -2*n + 11296 = -4*x + 51532, 4*x - 5*n = 40218. What is the greatest common factor of 9 and x?
9
Let v = 5480 + -2839. Suppose -v = -8*s - 2321. Let z = 12 + -4. Calculate the highest common factor of s and z.
8
Let h = 181688 + -181677. Suppose -195 = 3*j - 4*j. Let t = 338 - j. What is the highest common factor of t and h?
11
Let c(k) = -k**2 - 14*k + 27. Let x be c(-16). Let f be (-5)/(16/4 + x). What is the highest common divisor of f and 40?
5
Let v be (9/(-3))/(-12) - (-23)/4. Let x = -53 - -89. Suppose p = 3*p - x. What is the highest common factor of p and v?
6
Let z be (-57)/38*188/(-6) + 8. What is the highest common divisor of z and 1045?
55
Suppose -364*o + 747476 = -77321 - 81563. Calculate the greatest common factor of 150 and o.
30
Suppose 5*o - 19916 = 11*m - 13*m, -4*m = 5*o - 39802. What is the greatest common factor of m and 163?
163
Suppose j + 58 = 118. What is the greatest common factor of 1035 and j?
15
Suppose -31*y - 8*y - 56*y + 38570 = 0. Calculate the highest common factor of y and 1044.
58
Let v be 0 + (-2)/4 + 1328/32. What is the highest common divisor of 11603 and v?
41
Let z(y) = -12*y - 26 - 46*y - 24 + 47. Let t be z(-12). Calculate the greatest common factor of t and 63.
63
Let w be (-11)/((-55)/20) - 222. Let a be (9 - 4) + (2 - w). Calculate the highest common factor of a and 90.
45
Suppose n - 4*n - 5*b = -169, -5*n + 3*b + 327 = 0. What is the greatest common factor of n and 2034?
9
Let i = 26 - -53. Let a = 85 - i. Suppose 16 = -a*f + 376. What is the greatest common divisor of 20 and f?
20
Let p(s) = -9*s**2 + 145*s + 11. Let n(k) = -35*k - 234. Let h be n(-7). Let v be p(h). Calculate the greatest common factor of v and 94.
47
Let k = -678 + 954. Let x = k + -232. Let w = 37 - 26. What is the highest common divisor of w and x?
11
Let t(y) = 11*y**3 - 4*y**2 + 10*y - 8. Let m be t(4). Suppose -31*h = -25*h - m. What is the highest common factor of 84 and h?
28
Let v be -2 - (56*-7 - 2). Suppose -2*u = 3*r - 65, -2*u - 8*r = -3*r - 71. What is the greatest common factor of u and v?
28
Suppose 48 = -86*w + 90*w. Suppose 0 = -4*g - b + 18 + 48, 2*b = g - w. Calculate the greatest common divisor of 1 and g.
1
Let o = -1659 + 1665. What is the greatest common divisor of o and 4548?
6
Suppose 3*g - 4*o = -1 - 4, -3*o + 10 = 4*g. Let c = 1059 + 